divided by 16?
14
Calculate the remainder when 514 is divided by 103.
102
Calculate the remainder when 30507 is divided by 13.
9
Calculate the remainder when 544 is divided by 139.
127
What is the remainder when 33 is divided by 5?
3
Calculate the remainder when 4434 is divided by 56.
10
What is the remainder when 518 is divided by 43?
2
What is the remainder when 975 is divided by 140?
135
Calculate the remainder when 226 is divided by 3.
1
Calculate the remainder when 699 is divided by 5.
4
Calculate the remainder when 1533 is divided by 750.
33
Calculate the remainder when 322 is divided by 34.
16
What is the remainder when 1482 is divided by 33?
30
What is the remainder when 409 is divided by 130?
19
Calculate the remainder when 338 is divided by 104.
26
What is the remainder when 193 is divided by 71?
51
Calculate the remainder when 246 is divided by 58.
14
Calculate the remainder when 293 is divided by 43.
35
Calculate the remainder when 5029 is divided by 7.
3
Calculate the remainder when 76 is divided by 42.
34
What is the remainder when 14 is divided by 14?
0
What is the remainder when 513 is divided by 12?
9
What is the remainder when 79 is divided by 27?
25
Calculate the remainder when 3397 is divided by 31.
18
What is the remainder when 577 is divided by 285?
7
Calculate the remainder when 519 is divided by 30.
9
Calculate the remainder when 253 is divided by 100.
53
Calculate the remainder when 276 is divided by 139.
137
Calculate the remainder when 101 is divided by 40.
21
Calculate the remainder when 163 is divided by 41.
40
Calculate the remainder when 2818 is divided by 141.
139
What is the remainder when 2804 is divided by 483?
389
Calculate the remainder when 471 is divided by 48.
39
What is the remainder when 1193 is divided by 150?
143
What is the remainder when 1344 is divided by 90?
84
What is the remainder when 42831 is divided by 59?
56
Calculate the remainder when 756 is divided by 246.
18
Calculate the remainder when 793 is divided by 48.
25
Calculate the remainder when 54 is divided by 29.
25
Calculate the remainder when 152 is divided by 74.
4
Calculate the remainder when 1030 is divided by 74.
68
Calculate the remainder when 417 is divided by 205.
7
Calculate the remainder when 61 is divided by 27.
7
Calculate the remainder when 1189 is divided by 50.
39
What is the remainder when 196 is divided by 57?
25
What is the remainder when 115 is divided by 50?
15
Calculate the remainder when 118 is divided by 39.
1
What is the remainder when 179 is divided by 92?
87
What is the remainder when 578 is divided by 185?
23
Calculate the remainder when 1840 is divided by 97.
94
What is the remainder when 159 is divided by 5?
4
What is the remainder when 1768 is divided by 36?
4
Calculate the remainder when 1185 is divided by 34.
29
Calculate the remainder when 771 is divided by 376.
19
What is the remainder when 281 is divided by 87?
20
Calculate the remainder when 37 is divided by 19.
18
Calculate the remainder when 133 is divided by 17.
14
Calculate the remainder when 3561 is divided by 12.
9
What is the remainder when 88 is divided by 6?
4
Calculate the remainder when 498 is divided by 25.
23
Calculate the remainder when 389 is divided by 79.
73
Calculate the remainder when 5333 is divided by 9.
5
Calculate the remainder when 3826 is divided by 347.
9
Calculate the remainder when 42 is divided by 16.
10
What is the remainder when 1964 is divided by 14?
4
What is the remainder when 1214 is divided by 232?
54
Calculate the remainder when 167 is divided by 47.
26
What is the remainder when 72 is divided by 51?
21
What is the remainder when 145 is divided by 20?
5
Calculate the remainder when 1500 is divided by 178.
76
Calculate the remainder when 46 is divided by 33.
13
Calculate the remainder when 28119 is divided by 190.
189
What is the remainder when 150 is divided by 65?
20
Calculate the remainder when 112 is divided by 23.
20
Calculate the remainder when 239 is divided by 60.
59
Calculate the remainder when 206 is divided by 32.
14
Calculate the remainder when 12119 is divided by 209.
206
What is the remainder when 183 is divided by 66?
51
Calculate the remainder when 2720 is divided by 675.
20
What is the remainder when 533 is divided by 261?
11
What is the remainder when 3772 is divided by 22?
10
What is the remainder when 81 is divided by 21?
18
Calculate the remainder when 107 is divided by 25.
7
What is the remainder when 2091 is divided by 257?
35
Calculate the remainder when 252 is divided by 70.
42
Calculate the remainder when 1292 is divided by 35.
32
What is the remainder when 1782 is divided by 33?
0
What is the remainder when 431 is divided by 45?
26
What is the remainder when 296 is divided by 50?
46
What is the remainder when 352 is divided by 19?
10
Calculate the remainder when 465 is divided by 242.
223
What is the remainder when 3039 is divided by 235?
219
Calculate the remainder when 866 is divided by 416.
34
Calculate the remainder when 271 is divided by 69.
64
Calculate the remainder when 178 is divided by 13.
9
Calculate the remainder when 106 is divided by 25.
6
Calculate the remainder when 987 is divided by 327.
6
What is the remainder when 1000 is divided by 167?
165
What is the remainder when 77 is divided by 10?
7
What is the remainder when 3156 is divided by 39?
36
What is the remainder when 138 is divided by 28?
26
What is the remainder when 523 is divided by 35?
33
What is the remainder when 1670 is divided by 428?
386
What is the remainder when 93 is divided by 23?
1
Calculate the remainder when 165 is divided by 78.
9
What is the remainder when 169 is divided by 61?
47
What is the remainder when 1560 is divided by 7?
6
Calculate the remainder when 67 is divided by 17.
16
What is the remainder when 6819 is divided by 65?
59
Calculate the remainder when 314 is divided by 30.
14
What is the remainder when 1361 is divided by 348?
317
Calculate the remainder when 4186 is divided by 59.
56
What is the remainder when 236 is divided by 77?
5
Calculate the remainder when 77 is divided by 29.
19
Calculate the remainder when 146 is divided by 77.
69
Calculate the remainder when 323 is divided by 41.
36
Calculate the remainder when 8096 is divided by 300.
296
What is the remainder when 2719 is divided by 80?
79
What is the remainder when 106 is divided by 43?
20
What is the remainder when 410 is divided by 83?
78
What is the remainder when 2649 is divided by 7?
3
Calculate the remainder when 126 is divided by 15.
6
Calculate the remainder when 874 is divided by 87.
4
Calculate the remainder when 219 is divided by 77.
65
What is the remainder when 165 is divided by 56?
53
What is the remainder when 2414 is divided by 44?
38
What is the remainder when 292 is divided by 47?
10
What is the remainder when 648 is divided by 160?
8
Calculate the remainder when 583 is divided by 43.
24
Calculate the remainder when 1048 is divided by 25.
23
Calculate the remainder when 309 is divided by 226.
83
Calculate the remainder when 2324 is divided by 93.
92
Calculate the remainder when 389 is divided by 6.
5
What is the remainder when 375 is divided by 54?
51
Calculate the remainder when 163 is divided by 77.
9
Calculate the remainder when 131 is divided by 68.
63
What is the remainder when 513 is divided by 125?
13
What is the remainder when 574 is divided by 64?
62
What is the remainder when 239 is divided by 5?
4
Calculate the remainder when 712 is divided by 102.
100
What is the remainder when 1209 is divided by 1197?
12
What is the remainder when 3037 is divided by 95?
92
Calculate the remainder when 1109 is divided by 3.
2
What is the remainder when 475 is divided by 455?
20
What is the remainder when 182 is divided by 63?
56
What is the remainder when 345 is divided by 170?
5
What is the remainder when 462 is divided by 91?
7
Calculate the remainder when 507 is divided by 40.
27
Calculate the remainder when 535 is divided by 522.
13
Calculate the remainder when 381 is divided by 65.
56
What is the remainder when 1355 is divided by 674?
7
Calculate the remainder when 238 is divided by 232.
6
What is the remainder when 99 is divided by 7?
1
What is the remainder when 120 is divided by 25?
20
What is the remaind